r of w and 32.
32
Suppose -3*b + 30 + 6 = 0. What is the highest common factor of 3 and b?
3
Let h be (-1 - -3)/1*1. Suppose w = h*w - 8. What is the highest common divisor of w and 20?
4
Let j = -5 + 10. Suppose 5*y + 2*o = 416, 22 = -j*y - o + 440. What is the highest common factor of 12 and y?
12
Suppose -4*m - 3 = 9. Let k be 3/2*m*-2. What is the greatest common factor of k and 9?
9
Let b(a) be the second derivative of -a**5/20 + a**4 - 11*a**3/6 + 6*a**2 - 6*a. Let c be b(11). What is the greatest common divisor of c and 6?
6
Suppose 11 = g + 8. Suppose 31 = 2*k - 5*z, 3*k - 11 = 3*z + 40. Calculate the greatest common divisor of k and g.
3
Let t(h) = h**3 + h**2 - 2. Let q be t(2). Suppose 0 = -0*x - x + q. Let g(a) = -16*a. Let d be g(-5). Calculate the highest common divisor of x and d.
10
Suppose 0 = -d + 3*d - 6. Suppose 0 = -d*o + 63 + 255. Suppose 4*r - o = -5*l, 5*l = -r + 33 + 61. Calculate the highest common factor of l and 27.
9
Let n(g) = 2*g**2 + 2*g - 4. Let w be n(6). Suppose 2*b = 3*b - w. Suppose 3*c - 82 - 14 = 0. Calculate the highest common factor of b and c.
16
Suppose -d = -17 - 3. Let n = 50 - d. Let r = 4 - -16. What is the highest common factor of r and n?
10
Let z(p) be the first derivative of -p**3/3 + 9*p**2/2 - 4. Let k be z(8). What is the greatest common divisor of 32 and k?
8
Let z be (-2)/(-7) + 120/21. Calculate the highest common divisor of z and 54.
6
Suppose -3 = 2*p - 17. Calculate the greatest common divisor of p and 77.
7
Suppose 0*t + 2*t = 4*a + 194, 2*t = -4*a + 202. What is the greatest common divisor of t and 11?
11
Suppose -6*b + 7*b - 32 = 0. What is the highest common factor of b and 4?
4
Let n be 5 - (2 - 0/3). Suppose 3 = n*s - 9. Suppose s*t + 0*t = 16. Calculate the greatest common factor of t and 4.
4
Suppose -x + 48 = -4*i, 4*x - 2*i - 44 = 3*x. Let z(h) = -h**3 - h + 8. Let p be z(0). What is the highest common factor of p and x?
8
Suppose -s - 27 = 2*s. Let n(r) be the first derivative of r**2/2 + 15*r + 1. Let j be n(s). Calculate the highest common factor of 3 and j.
3
Suppose 2*d = 4, -3*d = 4*m + 4 - 30. Let l be ((-6)/9)/(2/(-54)). Suppose l = 3*a - 132. Calculate the greatest common divisor of m and a.
5
Let i(c) = 6*c - 22. Let z be i(12). What is the greatest common divisor of 20 and z?
10
Let o = 69 + -125. Let s be (o/6)/((-3)/9). Calculate the highest common factor of s and 42.
14
Let f(t) be the first derivative of -t**3/3 - 9*t**2/2 - 5*t - 3. Let g be f(-8). Calculate the greatest common divisor of g and 33.
3
Suppose -2*u + 4*c = 4, -2*u + 6*u + 2*c - 32 = 0. Let w be 7/(-2) - (-1)/(-2). Let p be 6/((-3)/(-1)) - w. What is the highest common divisor of u and p?
6
Suppose -k - v = -9, v = 3*k - 4*v + 5. Suppose k = -2*p + 3*p. Calculate the greatest common divisor of 15 and p.
5
Let b = 211 - 94. What is the greatest common factor of b and 13?
13
Suppose 0 = -4*i + 5*s - 2*s + 25, 32 = 4*i + 4*s. Calculate the highest common factor of 56 and i.
7
Let v be 2*2*(-408)/(-32). Let w be -3 + 7 + v + -1. What is the highest common divisor of w and 27?
27
Suppose -f = -5*z + 55, -2*f = z - 0*f - 11. Let n be z/4 + 6/(-8). Calculate the greatest common divisor of 16 and n.
2
Suppose -s = 4*s - 15. Suppose 4*r + 3 = -p, -2*p - 4*r = s*p - 33. Suppose -n + 5*n - 36 = 0. Calculate the greatest common divisor of p and n.
9
Suppose 0*r + 2*r - 40 = 0. Let a = 84 + r. Let o = a + -59. Calculate the greatest common divisor of 15 and o.
15
Let j = 1 + -4. Let h(l) = l**3 + 3*l**2 - 3*l - 4. Let t be h(j). Calculate the greatest common factor of t and 15.
5
Let s = -3 - -4. Let d be 26/(((-6)/(-15))/s). Calculate the highest common divisor of d and 26.
13
Suppose -h - 2 = -2*h. Suppose 5 + 5 = -2*m, -5*m - 41 = -h*a. What is the highest common factor of 2 and a?
2
Let s be (-6)/(2*(-4)/8). Calculate the greatest common divisor of 2 and s.
2
Suppose -2*g = 3*g - 70. What is the highest common factor of g and 154?
14
Let l(s) = -3 + 3*s + 7*s**2 - s**2 + 0*s. Let u be l(-3). Suppose -o + 2 = -4. What is the greatest common factor of u and o?
6
Suppose -19*f - 32 = -23*f. What is the highest common divisor of 12 and f?
4
Let x(z) = 11*z - 7. Let u be x(6). Suppose 0 = -3*i + 5*n + u + 15, 5*i - 5*n = 120. What is the highest common factor of i and 46?
23
Suppose -3 + 6 = -3*l. Let n(o) = 4*o**2 + 1. Let q be n(l). Suppose q*g - 20 = 4*g. Calculate the greatest common factor of 10 and g.
10
Suppose -3*v - n + 62 = 0, -2*v - 2*n - 16 = -3*v. Calculate the greatest common divisor of 200 and v.
20
Suppose q + 5*r + 60 = 6*q, -2*q - 3*r = -39. Let m be (-2 + q/9)*-6. Let f be (-36)/10*(-20)/m. Calculate the greatest common factor of f and 4.
4
Let a be (-8)/(-12) + (-428)/(-6). What is the highest common factor of 180 and a?
36
Let i(t) = t + 4. Let g be i(-2). Let q = 4 - 2. What is the greatest common factor of g and q?
2
Let o be (12/8)/(2/28). Suppose -2*q - c + 1 = -10, c = -3*q + 14. What is the highest common factor of o and q?
3
Let l(b) = -3*b**2 - 65 - b**3 + 65 - 4*b. Suppose 3*d - 13 = 4*w, -2*w + 4*d - 3 = 1. Let v be l(w). Calculate the highest common factor of v and 4.
4
Suppose -13 = -5*l + 27. Calculate the greatest common divisor of 40 and l.
8
Let v be 8/48 - (-83)/6. What is the highest common divisor of 7 and v?
7
Let o = 15 - -3. Calculate the greatest common divisor of 6 and o.
6
Suppose -p - 6*p = -98. Calculate the greatest common factor of p and 2.
2
Let d = -10 - -14. What is the greatest common divisor of d and 8?
4
Suppose 4 = -4*p, s + p - 2 = 13. Suppose 3*g = 5 + 7. What is the greatest common divisor of g and s?
4
Let o = 46 + -35. What is the highest common divisor of 187 and o?
11
Let n(s) = -s + 5*s**2 - 1 + 2*s**2 - 3*s**2 - 4. Let k be n(4). What is the highest common factor of k and 11?
11
Suppose 10*y + y - 704 = 0. What is the greatest common divisor of y and 48?
16
Suppose 0*w - 140 = -5*w. Suppose 0*p - w = -4*p. Let z be (-1)/((-190)/(-64) - 3) + 3. What is the highest common divisor of z and p?
7
Let s(n) = -3*n - 75. Let z be s(-27). Let b be (1 + 0)*1 + 23. What is the highest common divisor of b and z?
6
Let q = 108 + 233. What is the highest common divisor of q and 11?
11
Let b(h) = 4*h**2 + 4*h - 10. Let q be b(4). Calculate the greatest common divisor of 70 and q.
70
Suppose -5*p + 3*p + 12 = 0. Suppose -p = -3*a, 3*l - 141 = 3*a + 168. Calculate the highest common divisor of l and 15.
15
Let z = 2 - 0. Suppose 0 = -5*w + 5*i + 385, 3*w - i = -z*i + 223. Calculate the greatest common factor of w and 15.
15
Suppose -13 = 6*b - 49. What is the greatest common divisor of 3 and b?
3
Let h(n) = 2*n**2. Let y be h(1). Let i be 0 - (0 - -1) - -5. What is the greatest common factor of i and y?
2
Let d(h) = -6*h**3 + 7*h**3 + 3 - 2*h**3. Let p be d(0). What is the highest common divisor of p and 6?
3
Let a(o) be the first derivative of -o**2/2 + 6*o + 9. Let g be a(0). What is the greatest common factor of g and 42?
6
Let t = -30 + 81. Suppose 2*w + 0 - 6 = 0. Let y(l) = 10*l + 4. Let i be y(w). Calculate the greatest common divisor of i and t.
17
Let v = 49 + -35. Suppose 11 = f - 5*i, -4*f - 12 - 28 = i. Let r be 3 + (f - -3) + 17. What is the highest common factor of r and v?
14
Let s be (-4)/((-32)/(-44))*-2. Let m = s - 0. What is the greatest common divisor of m and 1?
1
Let c be (8/(-12))/((-2)/3). Suppose 5*k + 9 + c = 5*h, 0 = 5*h + 15. Let g be 2/k - (-34)/10. Calculate the greatest common divisor of g and 27.
3
Let f = -3 + 2. Let b be ((1 - f)*-7)/(-1). Calculate the greatest common factor of 14 and b.
14
Suppose 0 = -2*t + 4*t - 14. Let p = t + -5. Let f be -4 + 3 + 46/p. What is the greatest common factor of 154 and f?
22
Suppose -5*j = 5*m + 380, -m = -2*j + 4*m - 117. Let a = -21 - j. Suppose 0 = 4*c - 5*c + 20. Calculate the greatest common factor of a and c.
10
Suppose 9*n + 4*b - 48 = 4*n, 2*b = -2*n + 18. Let r = n - 19. Let s(f) = -19*f - 7. Let g be s(r). Calculate the highest common factor of g and 14.
14
Suppose 4*d + 2*t - 14 = 0, 5*d + 0*t - 20 = -2*t. Let r be (2/d)/((-5)/(-90)). What is the greatest common divisor of r and 9?
3
Let j(o) = o - 2. Let f be j(7). Suppose 3*p = f*q - 221, 3*q - 30 = -p + 97. Let v be (q - (